rmine z(d).
7
Let c(x) = -6*x + 63. Suppose -14 = -2*l - 4*n, 2*n = -5*l + n + 62. Give c(l).
-15
Let l be (34 + -1)*-1 - -13. Let r(h) = -35*h - 695. Calculate r(l).
5
Let s(o) = o**3 - 18*o**2 - 18*o - 19. Let b be 2 + -1 + 12 + (-38 - -43) + 1. Calculate s(b).
0
Let f(b) = -1140 + 595 + 633 + 492 - 29*b. Determine f(20).
0
Let v = -37 - -37. Suppose -30*z + 31*z - 3 = v. Let t(s) = -s**z + 9*s**2 - 8*s - 1 + 0*s**3 - 7. Give t(8).
-8
Let y(x) = -x**2 + 5*x + 11. Let z(o) be the second derivative of o**4/6 - 3*o**3/2 - 19*o**2/2 - 92*o. Let v be z(-2). Give y(v).
-3
Let z(m) = m**2 - 9*m + 3. Suppose -99*i + 135 = -98*i. Suppose 0 = -15*c + i - 30. Calculate z(c).
-11
Let k(h) be the first derivative of -18*h**2 + 50*h - 1571. Calculate k(1).
14
Let x(h) be the third derivative of -h**6/120 + h**5/10 + 5*h**4/24 - 7*h**3/6 + h**2 - 2*h - 163. What is x(-2)?
15
Let f(d) = d**3 + 83*d**2 + 72*d - 831. Let n be f(-82). Let o(w) = 4*w + 49. What is o(n)?
5
Let z(q) = -q**3 + 4*q**2 + 8*q + 3. Suppose 7*n - 10*n = -4*g - 47, -4*n = -5*g - 60. Let j be -6 - (-6 - (-2 - g)). Determine z(j).
-21
Let z(t) = -t**2 + t + 2. Suppose -17 = 2*h + 35. Let p = -31 + h. Let k = p + 59. Calculate z(k).
0
Let j be 1/2 - 3/6*-11. Let k(g) be the first derivative of 6*g + 2 - 1/2*g**2. Calculate k(j).
0
Let b(m) = -24*m**3 - 195*m**2 + 3 + 197*m**2 + 23*m**3. Let v(q) = -q - 4. Suppose -5*d + 4 = 39. Let l be v(d). Calculate b(l).
-6
Let y(p) = -p**3 - 9*p**2 + 9*p - 4. Let o be (0/3)/(5 + -1). Suppose -5*n + 4*n + 24 = o. Suppose n + 16 = -4*l. What is y(l)?
6
Let w be (-4 - -3)/2*(-260)/2. Let r(l) = -113*l + w*l + 46*l. Determine r(9).
-18
Let y(i) = i**2 + 83*i - 343. Let n be ((-40)/6)/(100/(-75)) + -1. Give y(n).
5
Let i = 33 + 5. Let d(k) = -k**2 - i - k + 10*k + 28. Let r = 472 + -464. What is d(r)?
-2
Let y(w) = -w**3 - 23*w**2 - 60*w + 7. Let x(i) = i**3 + 10*i**2 - 2*i - 181. Let q be x(-7). What is y(q)?
7
Let a(k) be the third derivative of -k**5/60 + 3*k**4/8 - 3*k**3/2 + 267*k**2 + 2*k. Let i = -5 + 12. Calculate a(i).
5
Let m(k) = 3*k - 26. Let d(a) = -a - 3. Let r(s) = 3*d(s) - m(s). Determine r(-17).
119
Let i be (-21 - -30)*1/3. Suppose -i*l = -2*r, -14 = l - r + 5*r. Let s(u) = -u**3 - 2*u**2 - 3*u - 3. What is s(l)?
3
Let y(l) = l**3 + 11*l**2 - l - 11. Suppose 75 = 7*c - 233. Suppose -7*m - 33 - c = 0. Give y(m).
0
Let o be (4*-47)/1 + -3 + 8. Let d = -185 - o. Let q(z) = -z**2 - 2*z - 1. Determine q(d).
-1
Let l(i) = -3*i**2 - 14*i - 13. Let u be l(-4). Let p(h) be the second derivative of -h**5/20 - h**4/3 + 7*h**3/6 + h**2 + 138*h. Give p(u).
-8
Let l(d) = -5 + d**2 - 4*d**2 + 10 - 8*d + d**3. Suppose -3*k - 106 - 65 = 0. Let c = -52 - k. What is l(c)?
15
Let f(j) = -40*j**2 - 1 + 4 - 30*j + 38*j**2. Calculate f(-15).
3
Let h(c) = 8*c**3 - c**2 + c - 1. Suppose 57 = -7*o + 43. Let j be (o + -1 - -3)*-1 - -1. Determine h(j).
7
Let g be (-140)/(-60)*75*(-3)/(-3). Let m(i) = -12 - 349*i + g*i + 172*i. Calculate m(-12).
12
Let f(r) = -7*r + 7. Let l(d) = 4*d - 4. Let i = -80 - -77. Let u(g) = i*f(g) - 5*l(g). Let n(w) = w**2 - 9*w + 10. Let p(m) = -n(m) - 6*u(m). What is p(5)?
-14
Let c = -3538 - -3542. Let w(s) = 2*s**2 + 2*s - 12. Calculate w(c).
28
Let b = -235 - -253. Suppose -b*u = 219 - 57. Let j(n) = n**2 + 4*n + 4. Give j(u).
49
Let a(m) = -4*m**2 - m + 15. Let p(i) = 10*i**2 - 7*i - 29. Let w(j) = -9*a(j) - 4*p(j). What is w(9)?
-10
Let m(v) = v**3 - 5*v**2 + 3*v - 1. Let r(i) = -i**3 - 14*i**2 - 11*i + 22. Let b be r(-13). Let j be (-6 + 3 - b)/((-1)/(-2)). What is m(j)?
-7
Suppose u = -9*k + 4*k + 29, 3*u + 5*k = 47. Let p(h) = h - 8. Calculate p(u).
1
Let t(v) = v**3 + 6*v**2 + v + 4. Let y = -174 + 288. Let s = y - 120. Give t(s).
-2
Let m(f) = -f**3 + 6*f**2. Let p(i) = -290*i + 3486. Let z be p(12). Determine m(z).
0
Let n(x) be the first derivative of x**5/120 - x**4/24 - 181*x**3/3 - 154. Let l(y) be the third derivative of n(y). Determine l(5).
4
Let z(t) be the third derivative of -t**4/3 - t**3 - 525*t**2. Give z(1).
-14
Let q(j) = 3*j**2 - 50*j - 33. Let b be q(22). Let i = b - 316. Let l(s) = s**2 - 2*s - 3. Calculate l(i).
0
Let a(c) = -19*c**3 + 15*c**2 + 35*c + 22. Let t(j) = -21*j**3 + 16*j**2 + 38*j + 23. Let v(b) = -11*a(b) + 10*t(b). What is v(-5)?
13
Let y(n) = -n - 9. Suppose t + 6*r = r + 11, -r + 63 = 4*t. Let s be 3/3 + (-133 - 42/(-7)). Let c be s/t - 19/152. Give y(c).
-1
Let k(m) = -3*m**2 + 21*m - 135. Let q(j) = 5*j**2 - 32*j + 203. Let v(a) = -8*k(a) - 5*q(a). Let f(u) be the first derivative of v(u). Calculate f(6).
-20
Let i(q) be the first derivative of -q**4/4 + 16*q**3/3 - 13*q**2 - 31*q + 2535. What is i(14)?
-3
Let a(q) = -370 + 1111 - 374 + 3*q - 366. Let j be (2/(-3))/(2/(-9)). What is a(j)?
10
Let c(j) = 30195*j**2 + 3*j**3 - 30210*j**2 - 2*j**3 + j - 34 - 3*j**3 + 6*j. Determine c(-8).
-26
Let z(r) be the first derivative of 7*r + 1/2*r**2 + 2. Let f be z(-3). Let h(i) = -i**2 + 4*i. Give h(f).
0
Let u(d) = 11*d**2 + 2*d - 6*d**2 - 3*d**3 + 2*d**3 - 8*d + 6. Suppose -609*j = -613*j + 16. What is u(j)?
-2
Suppose -5*f - 22 = -32. Suppose 0 = -l - 2*b - 0 + 3, f*l - 2*b = 6. Suppose 12 - 2 = -a + 4*i, -i = l*a + 17. Let o(m) = -m**2 - 8*m - 8. What is o(a)?
4
Let s(l) = -3*l**2 - 2*l + 1. Let b(u) = -40*u**2 - 28*u + 16. Let j(q) = b(q) - 15*s(q). Let z be 1 - 5/((-10)/(-6)). Give j(z).
17
Let y(v) = -2*v**3 + 10*v**2 - 3*v + 8. Let s be y(3). Let x(p) = -12 + 13*p - 47*p + s*p. Give x(4).
-8
Let t(b) = -12*b. Suppose 3*l - 5*u + 8 = 0, -3*l + 6*l + 10 = 4*u. Let i be 5/l + 13/(-78). Let w = 0 + i. What is t(w)?
12
Let i(a) = 7*a + 9*a - 7*a + 5. Let x(r) = -414*r - 1247. Let s be x(-3). Calculate i(s).
-40
Let f(r) = r**2 + 28*r + 27. Let q be f(-27). Let g(y) = -y**3 + y**2 + y + 34. Determine g(q).
34
Let o(q) = -q**2 + 7*q + 14. Let k(a) = 3*a**2 - 14*a - 31. Let r(w) = -2*k(w) - 5*o(w). Determine r(8).
-128
Let x(u) = -13 - 11*u**2 - 7*u**2 + 17*u**2 + 134*u - 152*u. Determine x(-12).
59
Let j be 28/6 + (-70)/14 + 106/(-6). Let r(v) = 8*v**2 + 142*v - 39. Give r(j).
-3
Suppose 0*d - 656 = 4*d. Let i = d + 170. Let h(w) be the first derivative of w**3/3 - 7*w**2/2 + 4*w + 1. Determine h(i).
-2
Let v be ((-9)/(-12))/((-4)/32). Let f(w) = -2*w - 1. Let c(k) = -6*k. Let o(d) = -d. Let l(m) = -c(m) + 5*o(m). Let b(i) = -2*f(i) - 5*l(i). Calculate b(v).
8
Let u(m) = -2*m**2 - 35*m + 250. Let c(i) = -i**2 - 18*i + 125. Let j(g) = 5*c(g) - 3*u(g). What is j(6)?
1
Let p(j) = 28*j**2 - 21*j - 5. Let y(z) = -3*z**2 + z. Let s(r) = -p(r) - 10*y(r). Determine s(-4).
-7
Suppose -5*t - 3*t = -24. Suppose t*z - 25 = 11. Let y(d) = -16*d + 0 + 2 + z*d. What is y(4)?
-14
Let c(y) = y. Let p be 80/44 + 4/22. Suppose -3*m - h + 13 = 0, -m + 3*h + p = 1. Let t(z) = 8*z - 26. Let w be t(m). Determine c(w).
6
Let m(i) = 4*i**2 - 21*i + 2. Let u(h) = -8*h**2 + 41*h - 3. Let b(f) = 11*m(f) + 5*u(f). Calculate b(6).
-5
Let h(j) = -10*j**2 + 30*j + 17. Let x(q) = -23*q**2 + 61*q + 24. Let o(n) = 9*h(n) - 4*x(n). Determine o(-8).
-23
Let j(h) = 3*h**2 + h**2 - 8*h**2 + h**3 - 11 - 2*h. Let d be (-154)/(-22)*25/35. Give j(d).
4
Suppose q = 5*n + 189, -3*n + 0*n - 119 = 5*q. Let c = 39 + n. Let v(k) = -c + 6 - 4*k**2 - 4*k**3 + k + 3*k**3 - 4. Calculate v(-4).
-3
Let s(k) = k**2 + 35*k + 38. Suppose 285*u + 4*o + 22 = 284*u, -o = 2*u + 65. Give s(u).
4
Let o be 1/((-35)/(-1515)) - (-2)/(-7). Let v = o - 40. Let p(j) = v*j - 9 - 2*j + 0*j + 0*j. Calculate p(6).
-3
Let r = -504 - -312. Let k be (-20)/4*(r/(-30))/2. Let l(n) = n + 7. Calculate l(k).
-9
Suppose 19*d - 300 = -6*d. Let t(z) = 14*z**3 + 53*z**2 + 40*z - 28. Let k(n) = -5*n**3 - 18*n**2 - 14*n + 9. Let a(b) = -17*k(b) - 6*t(b). Give a(d).
-9
Suppose -72*f + 8 = -70*f. Suppose -2*t + f*y = 20, 4*t - 9 = -y - 4. Let r(l) = -l + 19. Determine r(t).
19
Let a(z) be the third derivative of 0*z + 29 - 1/60*z**5 - 1/6*z**4 - 1/2*z**3 + 4*z**2. Determine a(-3).
0
Let a = -347 - -386. Let i(q) = a - 5*q + 5*q**2 + 2*q**3 - 96 + 53. What is i(-4)?
-32
Let z(y) = -y**3 + 54*y**2 - 7. Suppose -4*b - 200*b = 150*b - 19116. Calculate z(b).
-7
Let t = -56 - -63. Let w(l) = 5*l - t*l + 2*l + 5*l - 1 - l**2. What is w(6)?
-7
Let a(y) = -3 - 391*y**2 + 51*y - 395*y**2 + 11